3 + 6*m**2 + 5*m - 7. Let b(t) = -t + 9. Let i be b(9). Suppose -5*a + a - 20 = i. Calculate p(a).
-7
Let c(z) be the second derivative of z**3/3 - 13*z**2/2 + 14*z. Give c(8).
3
Let d(i) be the first derivative of i**3/3 - i**2/2 - 9*i + 485. What is d(3)?
-3
Let a(y) = -35*y + 21. Let w(u) = -9*u + 5. Let i(n) = -4*a(n) + 18*w(n). Let l(j) = 8*j - 2. Let t(k) = -5*i(k) - 14*l(k). Determine t(2).
-6
Let s = 177/370 + 4/185. Let y(r) be the first derivative of 10*r - 3 + s*r**2. What is y(0)?
10
Let q(y) be the third derivative of -1/60*y**5 + y**3 + 0*y + 0 + 16*y**2 + 1/4*y**4. Let t be (0 - 2)/((-2)/5). What is q(t)?
11
Let m(l) = -l. Let n(k) = k + 1. Let u(b) = -5*m(b) - 6*n(b). Let j(p) = p + 1. Let q be j(-6). What is u(q)?
-1
Let x = 26 + -23. Suppose s = -1 - x. Let t(l) = 0*l**2 - 2*l**2 - 4*l - l**3 - 3*l**2. Calculate t(s).
0
Let k(x) = x - 25. Let q(d) = 14*d + 167. Let n be q(-11). Calculate k(n).
-12
Let z(k) be the second derivative of -4*k**2 - 1/12*k**4 + 12*k + 0 + 0*k**3. Calculate z(0).
-8
Let o(y) = y**2 + 4*y - 7. Let h be o(-6). Let d = 86 + -75. Let u(k) = 0*k + 2 - k**2 - d + 4 + 5*k. Calculate u(h).
-5
Let v(q) = q - 4. Let k be (9 + 93/(-9))/((-1)/(-3)). Determine v(k).
-8
Let k(f) = 16*f**2. Let m be 4*4/32*62. Suppose 5*c = -4*h + m, 2 = -4*c + 5*h - 6. Suppose -c*s + 18 = 15. Give k(s).
16
Let o(t) be the third derivative of -t**9/60480 + t**8/3360 - t**7/1680 - 11*t**5/60 - 7*t**2. Let d(u) be the third derivative of o(u). Determine d(6).
-18
Suppose 3*l - c = -0*c + 25, 3*c + 26 = 2*l. Suppose 3*u - 2*w = -3*w + l, -3*u - 3 = 3*w. Let j(z) = -z**3 + 5*z**2 - 5*z + 1. Give j(u).
-3
Let y = -58 - -46. Let u be (-1)/((y/(-4))/(-15)). Let x(d) = -d**3 + 5*d**2 + 4. Determine x(u).
4
Let w(b) = 0*b + b - 1 - 2*b. Let y be w(-7). Let k(n) = -3*n**2 - 11*n + 4. Let j(s) = s**2 + s. Let a(m) = 4*j(m) + k(m). Give a(y).
-2
Let x(i) = 297*i + 9 - 4 - 296*i + 3. Give x(-8).
0
Let y(m) = 7*m. Let c(v) = -27*v + 10. Let r(x) = -c(x) - 4*y(x). Calculate r(0).
-10
Let o be 38/209 - (-92)/(-22). Let p(w) = w**2 + 4*w - 5. Determine p(o).
-5
Let u(m) = m + 6. Let l(v) = v - 17. Let h(j) = l(j) + 3*u(j). Give h(-6).
-23
Let v(z) = -z**3 + 10*z**2 - 8*z - 11. Let o be v(9). Let g be -1 + (o - (-1 - 2)). Let q(a) = 1 - a + 2*a + g*a + 1 - a**2. What is q(2)?
0
Let j(m) = 4*m + 1. Let g = -1043 - -1048. Determine j(g).
21
Let s(t) = -t**3 - 3*t**2 + 5*t + 5. Suppose 5*b - 2*g + 22 = b, 10 = -b + 2*g. What is s(b)?
1
Let n(u) = u + 2. Let v(z) = -6 - 5*z - 4*z + 4*z + z. Let f(g) = 16*n(g) + 5*v(g). Give f(-4).
18
Let p(m) = 4*m**3 - 1. Let j(a) = -19*a + 533. Let w be j(28). What is p(w)?
3
Let v(b) = b**3 + 6*b**2 - 3. Suppose -15 = 117*d - 114*d. What is v(d)?
22
Suppose 0 = -3*j + 4*j - v - 9, -3*j - 5*v - 13 = 0. Suppose d = j - 7. Let n(b) = b**3 + 3*b**2 + b - 1. Determine n(d).
-4
Let f(p) = -p**2 + 10*p - 21. Let c be f(6). Let g(a) be the second derivative of a**4/6 - a**3/2 - a**2 + 12*a. Give g(c).
7
Let q(b) = 8*b + 26. Let f(o) = -5*o - 14. Let k(r) = -5*f(r) - 3*q(r). Give k(7).
-1
Suppose 8*w + 46 = 6. Let h(u) = -10*u - 3. Calculate h(w).
47
Let n be ((-4)/3)/(8/(-18)). Let m(y) = 5*y + 6. Let i(z) = -6*z - 6. Let l(q) = n*i(q) + 4*m(q). Determine l(-6).
-6
Let g(j) = -j - 1. Let l(h) be the first derivative of -h**2 + 25*h + 10. Let f be l(12). Calculate g(f).
-2
Let i(c) = -7*c**2 - 35*c - 2. Let b(o) = 4*o**2 + 19*o + 1. Let v(a) = 5*b(a) + 3*i(a). Calculate v(-9).
8
Let t(u) = 11*u + u**2 - 2*u - u + 9. Give t(-6).
-3
Let b(z) = 4*z**2 - z + 1. Let c(v) = v**2 + v - 1. Let g(h) = b(h) - 3*c(h). What is g(4)?
4
Let j(f) = -f. Let y be (-185)/(-10) - (-2)/4*-1. Suppose -3 = 3*p + y. Calculate j(p).
7
Suppose -v + 45 = v + 3*z, -4*v = -3*z - 63. Suppose 6*q - v = 12*q. Let g(b) = -2*b**2 - 3*b + 1. Determine g(q).
-8
Let l(t) be the first derivative of -t**4/4 - 7*t**3/3 + 7*t**2/2 - 7*t + 185. Calculate l(-8).
1
Let k(x) = 4*x - x + 12*x - 1. Suppose 16*n + 6 = 15*n. Let m be (-2 + 4 - 0)*(-3)/n. What is k(m)?
14
Let l(w) = -3*w - 4 + 5 + 4 - 3. Let o = 31 + -31. Let t = o - 2. Determine l(t).
8
Suppose -94*d = -81*d - 26. Let u(f) be the third derivative of 0 - f**d + 1/24*f**4 + 0*f - 1/6*f**3. Determine u(0).
-1
Let j(s) be the second derivative of -s**3/3 - s**2/2 - 69*s. Let i be (-1 + 2)/((-1)/(-1)). Let g be 3/(9/12) + i. What is j(g)?
-11
Let t(r) be the first derivative of -5*r**4/4 - 2*r**3/3 - r**2/2 - 2*r - 303. Calculate t(-2).
32
Let u(v) be the third derivative of v**4/6 + v**3 + 315*v**2. Calculate u(9).
42
Let c(n) = 4*n - 6731 - 6727 + 13457. Suppose 0*p + 5*p = 25. Suppose -3 = p*m + 7. What is c(m)?
-9
Let a(f) be the first derivative of 1/4*f**4 - 1 - 4/3*f**3 - 7/2*f**2 + 4*f. Calculate a(5).
-6
Let n(c) = c**2 + 6*c + 2. Let v(o) = o**3 + 2*o**2 + o + 2. Let q be v(-2). Suppose -d + 3*d + 12 = q. Calculate n(d).
2
Suppose -3*o = 4*m - 2*o - 1, 17 = 2*m - 5*o. Let v(s) = 4*s - 1. What is v(m)?
3
Let r(f) = f**3 + 5*f**2 - 3*f. Let s(d) = d**3 + 4*d**2 - 4*d. Let j(x) = -3*r(x) + 2*s(x). Let l(m) = m**2 - 8*m. Let w be l(7). What is j(w)?
-7
Let t(x) = 10*x**3 - x. Let f = -70 + 68. Let y be 171/209 + f/(-11). What is t(y)?
9
Let n(o) = -65 - 53 - o**2 + 10*o + 99 + 12*o. Determine n(21).
2
Suppose 3*r - 15 = 0, 3*r - 46 + 13 = -2*z. Suppose -4*j - 2*s - 3 = -z, -3 = 3*j - s. Let t(d) = -5*d - 3*d**2 + j*d + 8 + 2*d**2. What is t(-6)?
2
Let b = 10 + -31. Let t be (-9)/b + 32/7. Suppose -2 = -2*u - 2*p, 4*u = -t*p + 9*p + 4. Let n(d) = -17*d**3 - 1. What is n(u)?
-18
Let g(y) be the third derivative of 0 + 1/60*y**5 + 7/24*y**4 + 0*y + 16*y**2 - 1/6*y**3. What is g(-7)?
-1
Let u(f) = f**2 + 3*f. Let j be 2 + -4 - -6 - 34. Let r = j - -34. Suppose r*i = 3*g - 0*i - 8, 3*g - 5*i = 13. Calculate u(g).
4
Let k(o) = o**2 - 28*o + 25. Let t be k(27). Let i(p) = -2*p**3 + p**2 - 1. What is i(t)?
19
Let j(f) be the second derivative of -f**5/20 - f**4/6 + f**3/2 + 3*f. Let n be (-6)/9*((-17)/(-2) - 4). Give j(n).
0
Let t(a) be the third derivative of a**4/24 + 5*a**3/6 + 45*a**2 - 1. Give t(-2).
3
Let y(d) = 4*d + 11. Let k be -5*(-5)/(-15)*3. Let t(u) = 2*u + 6. Let b(j) = k*t(j) + 2*y(j). Calculate b(-6).
4
Let k(c) = -1 + 282*c - 614*c + 335*c. Suppose -y = -3*t + 7, 2*y - 2 = -t - t. Suppose 0 = 3*d - 3*s + 6, -t*d + 11 = -0*d + 3*s. Calculate k(d).
2
Let l(c) = 2*c + 14. Suppose -4 = -4*m - 24. What is l(m)?
4
Let b(k) = 4*k + 1. Suppose -5*f + a = 6 - 71, -65 = -5*f + 4*a. Let w = f - 10. Suppose -d - l + 5 = 0, -5*d + 3*l + 4 = w. Calculate b(d).
9
Let r(l) be the first derivative of l**3/3 - l**2 - 8*l - 4. Let s be r(3). Let m(f) = f**2 + 3*f - 3. What is m(s)?
7
Let l = 112 + -120. Let c(k) = -2*k - 8. What is c(l)?
8
Let n = 110 - 104. Let k(w) = -w**2 + 5*w + 14. Calculate k(n).
8
Let b(f) = -f**2 - f + 1. Let v(w) = 2*w**2 + 4*w - 2. Let u(a) = 3*b(a) + v(a). Suppose 0 = -5*x + 3*z - 13, -x - 3*x = -4*z + 12. Determine u(x).
-5
Let p = -2343 - -2338. Let o(g) = -2*g + 1. What is o(p)?
11
Let b(t) = -t**3 + 6*t**2 + t - 3. Let m = -162 + 168. Determine b(m).
3
Let r be -5*(-1 - 2/(-1)). Let n(i) = i - 6. Let d(l) = -2*l + 18. Let b(j) = -2*d(j) - 7*n(j). Let u(h) = h - 6. Let q(m) = -2*b(m) - 3*u(m). What is q(r)?
-9
Suppose -3*n - q + 15 = -0*q, 4*n + 4*q = 12. Let b be (168/18)/((-2)/(-9)). Let x(m) = -b + 0*m - m + 40. What is x(n)?
-8
Let d(k) be the first derivative of k**3/3 - 3*k**2 - 5*k + 310. Let z(r) = -r + 4. Let a be z(5). Let m be 4 - (a/(-1) + -3). Calculate d(m).
-5
Let a(v) = -v. Let j(i) = -6*i - 1. Let q(p) = 5*a(p) - j(p). Let r be 8/28 + (-2)/7. Let x = -6 + r. What is q(x)?
-5
Let j(s) be the second derivative of s**7/840 - s**6/180 - s**5/60 - s**4/12 + 3*s**3/2 + 2*s. Let w(t) be the second derivative of j(t). Determine w(3).
1
Let x be (-18)/9 + 1*19. Let q(a) = a**3 - x*a**2 + 2 + 1 + 19*a**2 + 2*a. Determine q(-2).
-1
Let t(a) = -a - 11. Let r = -32 - -23. Let b = r - -9. What is t(b)?
-11
Let t(l) = l**3 + 2*l**2 + 2*l + 2. Let q = -5 + 7. Suppose q = c - 1. Let p be -2 + 1 + c + -4. Determine t(p).
-2
Let y(h) be the second derivative of h**4/12 + 3*h**3/2 + 9*h**2/2 + 5*h - 234. Let z be -1*(0 - 0) + -9. Determine y(z).
9
Let u(j) = 7*j**3 + j**2 - 17. Let